91093 a composite number?
False
Is 69474097159 composite?
True
Is 308930327 a composite number?
True
Is 1842038311 a prime number?
True
Is 5521925921 prime?
True
Is 10439574191 prime?
False
Is 20588417099 composite?
False
Is 1030147595 a prime number?
False
Is 4496647517 a prime number?
True
Is 26510526037 a prime number?
True
Is 79740671 a composite number?
False
Is 1276846781 a composite number?
True
Is 8858669 a prime number?
False
Is 1513607246 a composite number?
True
Is 4733633921 prime?
False
Is 3629826781 composite?
True
Is 4973024761 a prime number?
True
Is 574624933 a prime number?
False
Is 630635471 a composite number?
False
Is 9752177651 prime?
True
Is 2343681689 composite?
True
Is 3504058039 prime?
True
Is 2423768827 prime?
False
Is 5547267461 a composite number?
True
Is 85733338693 a composite number?
True
Is 52096893 a prime number?
False
Is 5825189035 a prime number?
False
Is 18455500517 a composite number?
True
Is 15054618679 a composite number?
True
Is 3509030739 a prime number?
False
Is 1853040181 prime?
True
Is 190377797 composite?
False
Is 3418193027 prime?
True
Is 139942987 prime?
False
Is 28075667981 prime?
True
Is 72883663 a composite number?
False
Is 3160796293 a prime number?
False
Is 2577079679 a prime number?
True
Is 608937587 a composite number?
True
Is 9200250263 prime?
False
Is 454723111 a prime number?
True
Is 1144190699 a prime number?
False
Is 21049137301 a prime number?
False
Is 1535362721 composite?
False
Is 31541092019 a composite number?
False
Is 1819773841 composite?
True
Is 8636683261 a composite number?
True
Is 3203330209 a prime number?
True
Is 7386981153 a prime number?
False
Is 119449006 a composite number?
True
Is 13671065311 composite?
False
Is 49019745461 prime?
True
Is 63354562109 composite?
False
Is 39068319469 a prime number?
True
Is 4988877737 composite?
True
Is 60011140673 composite?
True
Is 628391821 composite?
False
Is 15861415433 prime?
False
Is 3876404461 a prime number?
False
Is 1461356921 a composite number?
True
Is 2901797627 a prime number?
False
Is 3489030619 a composite number?
False
Is 4055864561 a composite number?
True
Is 5649707103 a composite number?
True
Is 2482844641 a prime number?
False
Is 8751515737 a prime number?
True
Is 475346867 composite?
True
Is 3995637971 a composite number?
True
Is 660239087 composite?
True
Is 4978233419 composite?
True
Is 47951493923 a composite number?
False
Is 14195855402 a composite number?
True
Is 6865936657 composite?
False
Is 346259393 composite?
True
Is 125528087731 prime?
True
Is 47564551729 composite?
True
Is 24867245021 composite?
False
Is 18726259879 a composite number?
True
Is 235835126249 a composite number?
False
Is 1170007109 a prime number?
False
Is 469058127 a prime number?
False
Is 13804212883 composite?
False
Is 8539596749 prime?
False
Is 342780527 composite?
False
Is 114778091903 a composite number?
False
Is 18103473299 prime?
False
Is 294815603 a prime number?
True
Is 3921065389 prime?
False
Is 19210092791 a composite number?
False
Is 1005330091 a prime number?
False
Is 5158130653 prime?
False
Is 42569869 composite?
True
Is 3423025387 a composite number?
True
Is 7195652543 a prime number?
False
Is 14807477 a prime number?
False
Is 4557063127 a composite number?
False
Is 1619621053 composite?
True
Is 154991566721 a prime number?
True
Is 6438563291 a composite number?
False
Is 1221182551 a prime number?
False
Is 499797649 composite?
True
Is 80934801253 prime?
True
Is 702399263 composite?
True
Is 4494941753 a prime number?
False
Is 94661257997 prime?
True
Is 2779396987 a composite number?
True
Is 3811475207 a composite number?
False
Is 12018718801 a prime number?
False
Is 1399562903 a composite number?
True
Is 244043652799 a composite number?
False
Is 82913058341 composite?
False
Is 6321982873 composite?
True
Is 12122907059 a composite number?
True
Is 8003776777 composite?
True
Is 8057955229 a composite number?
False
Is 117223753 a composite number?
True
Is 51331376683 a prime number?
True
Is 318629393 a composite number?
False
Is 2317770109 a prime number?
False
Is 13709964397 prime?
False
Is 2244233267 composite?
True
Is 134450970049 a composite number?
True
Is 698505659 prime?
False
Is 8629808827 prime?
True
Is 516287701 composite?
True
Is 43040589357 prime?
False
Is 7658272799 composite?
True
Is 3206788513 a composite number?
False
Is 176738400073 prime?
True
Is 927119465 composite?
True
Is 15582157601 a prime number?
False
Is 43885516663 composite?
False
Is 2652250199 a prime number?
False
Is 2217887977 a composite number?
True
Is 413843303 a composite number?
False
Is 5653380757 a prime number?
True
Is 6110819719 a composite number?
True
Is 16711415947 a prime number?
True
Is 5650011467 composite?
False
Is 11022443429 prime?
True
Is 3477438479 composite?
False
Is 3441381271 a composite number?
True
Is 532395077 prime?
True
Is 314580588083 composite?
True
Is 586240499 composite?
True
Is 5792556241 a composite number?
True
Is 107984552069 prime?
False
Is 109012746617 prime?
True
Is 6760806817 composite?
False
Is 87616217 a composite number?
True
Is 143443849 a prime number?
True
Is 274357189 composite?
True
Is 90901675057 composite?
False
Is 11589744797 prime?
True
Is 248843939 a prime number?
True
Is 1181162881 prime?
True
Is 57861908047 composite?
False
Is 750513641 a prime number?
True
Is 5027833381 composite?
False
Is 8863141619 a prime number?
True
Is 286540759 prime?
False
Is 2527930969 a prime number?
True
Is 130423921 composite?
True
Is 1769464373 a composite number?
False
Is 1919541693 a composite number?
True
Is 43507648501 composite?
False
Is 8353658879 a composite number?
False
Is 298728841 prime?
True
Is 1396002847 prime?
True
Is 18786188843 a prime number?
False
Is 4055697553 composite?
False
Is 9624207371 a prime number?
False
Is 35261221451 prime?
False
Is 4256551862 prime?
False
Is 24732917047 composite?
False
Is 415447831 a composite number?
True
Is 1612215453 a composite number?
True
Is 271079101 a composite number?
True
Is 13497044051 a prime number?
True
Is 51747026299 composite?
False
Is 2438975687 composite?
False
Is 72754733 composite?
False
Is 1650512663 composite?
False
Is 14439037 composite?
True
Is 1570393138 composite?
True
Is 547604557 a prime number?
True
Is 15664348319 composite?
True
Is 5412870811 prime?
True
Is 7466246929 a prime number?
True
Is 4558128169 a composite number?
True
Is 217785823 a prime number?
False
Is 355831307 composite?
True
Is 4821130529 a prime number?
True
Is 1836563903 a composite number?
True
Is 7145965507 composite?
True
Is 64096937341 a composite number?
False
Is 432261523 a prime number?
True
Is 16715802593 a prime number?
False
Is 2474686621 a prime number?
False
Is 1859691103 a prime number?
True
Is 7160806319 a prime number?
True
Is 1513665487 a prime number?
False
Is 1139449111 prime?
False
Is 1533969829 composite?
True
Is 3493601999 a composite number?
False
Is 116618611 a prime number?
True
Is 206828317 a composite number?
True
Is 39800553647 a composite number?
False
Is 13397140517 composite?
False
Is 492917161 composite?
True
Is 214777223 a prime number?
False
Is 39438012199 a prime number?
True
Is 1877962997 a prime number?
False
Is 20054143379 prime?
True
Is 213716407759 prime?
True
Is 125523466147 prime?
False
Is 337427143 composite?
False
Is 12791568067 prime?
True
Is 747128351 composite?
True
Is 64778471 a prime number?
False
Is 1117062883 a prime number?
False
Is 30381876743 a prime number?
True
Is 637580369 prime?
True
Is 1432484939 prime?
True
Is 306015209 a prime number?
False
Is 15404996771 prime?
True
Is 633058441 a prime number?
True
Is 220955495434 a composite number?
True
Is 88737820937 a composite number?
True
Is 45747238643 a prime number?
False
Is 7320305431 prime?
True
Is 212438591 a prime number?
True
Is 6568210291 a composite number?
True
Is 118384346195 prime?
False
Is 111585053 prime?
True
Is 74824795319 composite?
False
Is 641597417 a prime number?
True
Is 62150846831 a prime number?
False
Is 20915892229 a prime number?
True
Is 133676821 a composite number?
True
Is 5286340159 a prime number?
False
Is 1253246439 a prime number?
False
Is 571156009 a composite number?
False
Is 30227303 a prime number?
True
Is 2399768131 a prime numbe